visor of j and p.
54
Suppose 195 = 3*o + 2*o. Let s = -257153 + 257322. What is the greatest common divisor of o and s?
13
Let b(a) = a**3 + a - 4. Let p be b(4). Suppose 0 = -77*y + p*y + 13. Calculate the highest common factor of 27 and y.
1
Let x(f) = -7*f**3 + 4*f**2 + 5*f + 1. Let v be x(-2). Calculate the highest common factor of v and 875.
7
Let b = -27 + 34. Suppose 0 = 5*p - 25, 5*p - b = 3*q + 12. Let f(v) = 2*v**3 - 2*v**2 + 4. Let h be f(q). Calculate the highest common divisor of 132 and h.
12
Let j be 1842/10 + (-3)/15. Let t(n) = -54*n - 62. Let b be t(11). Let r = -633 - b. Calculate the highest common divisor of j and r.
23
Let i(y) = -2*y**2 - 49*y + 12. Let a be i(-15). Calculate the highest common divisor of a and 2277.
99
Let a be (15/((-135)/62))/(2/(-36)). What is the greatest common factor of 1922 and a?
62
Suppose 4*f - 28 = 0, -7*w = 6*f - 11*f - 2331. Calculate the highest common factor of 767 and w.
13
Let p = 54 - -11. Let c = p + -44. Suppose 1273 = 5*y + 1238. What is the greatest common factor of c and y?
7
Let p(f) = -30*f + 183. Suppose 26*z = 35*z - 54. Let m be p(z). Let r = 33 - 18. What is the greatest common factor of m and r?
3
Suppose 18*q - 29 - 68 - 119 = 0. Calculate the greatest common divisor of 58 and q.
2
Let y(j) = -149*j**3 - j**2 + 2*j. Let z be y(1). Let r = 159 + z. Calculate the greatest common factor of 132 and r.
11
Let g(s) = -s**3 - s**2 + 34*s + 8. Let j be g(6). Let a = 8 - j. Suppose -316 = 2*r - 1180. Calculate the greatest common divisor of a and r.
48
Let h be ((-4)/6)/(2/(-15)). Let c(w) be the second derivative of 5*w**3/3 + 3*w**2 + 3*w + 22. Let n be c(h). What is the greatest common factor of n and 112?
56
Let t be 2076/30 - (2/10 - 0). What is the greatest common factor of t and 828?
69
Let p = 37 - 21. Let f(k) = -k**2 - 13*k + 21. Let t be f(-14). Let j be 114 - (-7)/(t/(-2)). Calculate the greatest common divisor of p and j.
16
Suppose -5*k + p + 592 = -813, 0 = -3*k + 2*p + 836. Let m = 215 - 209. Calculate the greatest common divisor of m and k.
6
Suppose -t = -3*a + 9, -2*t - 4*a + 15 + 7 = 0. Let m(b) = 2 + 4*b**2 - 5*b + 7 - 3 - t*b. Let l be m(3). What is the highest common factor of 12 and l?
6
Let v = 9 - 2. Suppose v = -d - 6*d. Let i be (-17)/(-17)*(0 - d). Calculate the highest common divisor of 11 and i.
1
Let y = -3 - -10. Suppose 22*h - 28*h = -30. Suppose -5*v + 3*w = -257, -2*w - h = -v + 52. Calculate the highest common divisor of v and y.
7
Let q = -601 + 673. Suppose -q = 12*g - 21*g. Calculate the greatest common factor of g and 2.
2
Let m(b) = -b**3 - 32*b**2 + 16*b + 514. Let r be m(-32). What is the greatest common factor of 898 and r?
2
Suppose 3*v = -2*u + 144, u - 5*v = -v + 61. Suppose -92*a = -u*a - 138. What is the greatest common factor of a and 75?
3
Suppose 0 = 5*q - 165 - 220. Suppose -13*p + 706 + 9733 = 0. Suppose 37*f - p = -36*f. Calculate the highest common factor of q and f.
11
Let s be 2/1 - (2 - 13). Let i(t) = 6*t + 31. Let m be i(-14). Let d = m - -144. What is the greatest common divisor of d and s?
13
Let z(p) = 14*p**2 - 43*p + 278. Let u be z(9). Calculate the highest common divisor of 75 and u.
25
Suppose 4*u - 64 = 2*u. Suppose u*j = 35*j - 126. Calculate the highest common divisor of j and 525.
21
Suppose -2229 = -5*s + 1151. Suppose 25808*k = 25802*k + 312. What is the highest common factor of s and k?
52
Let g(q) = -8*q + 47. Let c be g(-14). Suppose 5*f - 113 = -3*a + 3*f, 4*a + f = c. Calculate the greatest common factor of 164 and a.
41
Let q(c) be the second derivative of 5*c**3/6 - 223*c**2/2 - 77*c + 1. Let r be q(47). What is the highest common factor of r and 12?
12
Suppose -3*u + 6533 = z, 4*z - 2*u + 6462 = 32608. What is the highest common factor of z and 76?
76
Suppose 0 = -6*v - 3*p - 0*p + 1521, v + 2*p - 249 = 0. Calculate the greatest common factor of 34 and v.
17
Let s = 11012 + -10682. Calculate the highest common divisor of s and 12.
6
Let h(w) = w + 25. Let d be h(-3). Let j = 14 - 12. Let r be 226 + -4 - 1*j. Calculate the highest common factor of d and r.
22
Let t be (-2)/(-7) - 79/7. Let i = -3 - t. Suppose 0 = -86*l - 86*l + 74*l + 8624. Calculate the greatest common factor of l and i.
8
Let d be (-20802)/(-90) + -3 + (-86)/(-30). Suppose -161 - d = -8*r. Calculate the highest common factor of 91 and r.
7
Let k(h) = -h**3 + 10*h**2 - 95. Suppose -236 = -12*n - 140. Let c be k(n). Calculate the highest common factor of c and 418.
11
Let o = 81 - 78. Suppose 3*y = -3*s + 21, -o*s + 6*s - 17 = -y. Calculate the greatest common divisor of y and 3.
1
Suppose 20*h - 17*h = -b - 42, -5*h - 89 = 2*b. Suppose 39 = g - 40. Let f = g + b. Calculate the highest common factor of 33 and f.
11
Suppose 0 = 95*l - 87*l - 2*k - 176920, -4*l - k = -88476. Calculate the highest common divisor of 17 and l.
17
Let q be 60/(2 + -2 - -1). Suppose 8*w = 3*w + q. Let g = -174 - -234. Calculate the greatest common divisor of w and g.
12
Suppose 41*y + 998 - 15266 = 0. Let s = -282 + y. What is the greatest common divisor of 154 and s?
22
Suppose -z + 4*x + 1 = 0, -z - 52*x = -50*x - 31. Suppose 735 = 2*b + 3*b. What is the greatest common factor of z and b?
21
Let g be 6/(-4 + 12/2). Let h be 0 - (1 + -3)*g/3. Let v be (4 - 3) + h + (-2)/(-2). What is the greatest common factor of v and 40?
4
Let z = -9942 + 10017. What is the highest common factor of z and 400?
25
Suppose -15*u + 34057 = 5*q - 16*u, 5*q + 21*u = 34013. Calculate the highest common divisor of q and 49.
49
Suppose 3*s + 2*i = 634, 842 = 4*s - 2*i + 4*i. Let w = 49 - 70. Let l = 5 - w. Calculate the highest common factor of s and l.
26
Let x(n) = -n**2 + 23*n - 44. Suppose 77 - 362 = -15*y. Let r be x(y). What is the greatest common factor of r and 352?
32
Let s(a) = -3*a - 32. Let p be s(-10). Let h(y) = 107*y**2 + 13*y + 23. Let n be h(p). Calculate the highest common factor of n and 17.
17
Let a(p) = 3*p**2 + 23*p - 206. Let x be a(7). Calculate the greatest common divisor of x and 3519.
51
Let g = 18282 + -18249. Let o be (-22)/(3/(48/(-1))). Calculate the greatest common divisor of o and g.
11
Let z(k) = 35*k**2 + 32*k + 218. Let p be z(-5). What is the highest common divisor of p and 3?
3
Let u = -8983 - -10050. Calculate the greatest common factor of 679 and u.
97
Suppose -96 = -2*a + 244. Let b = -150 + a. Calculate the highest common factor of b and 35.
5
Let p(q) = -57*q + 318. Let x be p(-2). What is the greatest common factor of x and 1488?
48
Suppose 0 = -1001*k + 974*k + 2700. Let w be 3/(-4) + (-1292)/(-16). Calculate the greatest common factor of k and w.
20
Suppose 25*p - 43 = 32. Suppose 0 = p*h - 4*j - 110, -3*h + j = -0*h - 95. Calculate the highest common divisor of 90 and h.
30
Let q(s) = -s**3 + 10*s**2 - 2*s + 20. Let w = 0 + 10. Let y be q(w). Suppose o - 99 - 9 = y. Calculate the highest common divisor of 12 and o.
12
Let n = -202 + 216. Calculate the highest common divisor of 434 and n.
14
Let i = -1367 + 2006. What is the highest common factor of i and 781?
71
Let f be 0/(-2) + (1 - -1). Let p(k) = -7 - 22*k - 16 - k**2 - f*k + k. Let o be p(-20). Calculate the greatest common factor of 37 and o.
37
Suppose -11*w - 4*d - 246 = -9*w, 4*w = -4*d - 492. Let j = -116 - w. Let a be (j/4)/((-1)/(-4)). Calculate the highest common factor of a and 1.
1
Let b be (11/22)/(1/4). Suppose -b*v + 23 = -61. Let q = -24 + v. Calculate the greatest common factor of 54 and q.
18
Let s = 241 - 184. Let r = -40 + s. Calculate the highest common factor of r and 17.
17
Let y(t) = 63*t - 2680. Let o be y(52). What is the greatest common divisor of o and 12?
4
Suppose m - 9892 = -3*i, -3*i - 30*m + 9868 = -35*m. What is the highest common divisor of i and 103?
103
Let c be 0 - (-12 + (1 - -1)). Suppose 0*o + 150 = c*o. Calculate the highest common factor of 65 and o.
5
Let i = -86 + 162. What is the highest common factor of 418 and i?
38
Suppose 90*s - 2091 - 609 = 0. Calculate the greatest common divisor of s and 10.
10
Let s be (11 + 87470/(-20))*(4 - (-68)/(-10)). Calculate the highest common factor of 35 and s.
35
Suppose 31 = 32*l + 31. Suppose -c + 15 = -3*v, l = 3*c - 3*v - 18 - 9. What is the highest common divisor of 2 and c?
2
Suppose -271 